{"id":125,"date":"2019-02-10T12:13:00","date_gmt":"2019-02-10T11:13:00","guid":{"rendered":"http:\/\/wb-repro.de\/?page_id=125"},"modified":"2021-07-25T15:18:23","modified_gmt":"2021-07-25T14:18:23","slug":"impressum","status":"publish","type":"page","link":"https:\/\/wb-repro.de\/?page_id=125","title":{"rendered":"Impressum"},"content":{"rendered":"\t\t<div data-elementor-type=\"wp-post\" data-elementor-id=\"125\" class=\"elementor elementor-125\" data-elementor-settings=\"[]\">\n\t\t\t\t\t\t<div class=\"elementor-inner\">\n\t\t\t\t\t\t\t<div class=\"elementor-section-wrap\">\n\t\t\t\t\t\t\t<section class=\"elementor-section elementor-top-section elementor-element elementor-element-53dd4bc elementor-section-boxed elementor-section-height-default elementor-section-height-default\" data-id=\"53dd4bc\" data-element_type=\"section\">\n\t\t\t\t\t\t<div class=\"elementor-container elementor-column-gap-default\">\n\t\t\t\t\t\t\t<div class=\"elementor-row\">\n\t\t\t\t\t<div class=\"elementor-column elementor-col-100 elementor-top-column elementor-element elementor-element-34b4669\" data-id=\"34b4669\" data-element_type=\"column\">\n\t\t\t<div class=\"elementor-column-wrap elementor-element-populated\">\n\t\t\t\t\t\t\t<div class=\"elementor-widget-wrap\">\n\t\t\t\t\t\t<div class=\"elementor-element elementor-element-6d27861 elementor-widget elementor-widget-spacer\" data-id=\"6d27861\" data-element_type=\"widget\" data-widget_type=\"spacer.default\">\n\t\t\t\t<div class=\"elementor-widget-container\">\n\t\t\t\t\t<div class=\"elementor-spacer\">\n\t\t\t<div class=\"elementor-spacer-inner\"><\/div>\n\t\t<\/div>\n\t\t\t\t<\/div>\n\t\t\t\t<\/div>\n\t\t\t\t\t\t<\/div>\n\t\t\t\t\t<\/div>\n\t\t<\/div>\n\t\t\t\t\t\t\t\t<\/div>\n\t\t\t\t\t<\/div>\n\t\t<\/section>\n\t\t\t\t<section class=\"elementor-section elementor-top-section elementor-element elementor-element-5531d36 elementor-section-content-top elementor-section-boxed elementor-section-height-default elementor-section-height-default\" data-id=\"5531d36\" data-element_type=\"section\" data-settings=\"{&quot;background_background&quot;:&quot;classic&quot;}\">\n\t\t\t\t\t\t<div class=\"elementor-container elementor-column-gap-default\">\n\t\t\t\t\t\t\t<div class=\"elementor-row\">\n\t\t\t\t\t<div class=\"elementor-column elementor-col-100 elementor-top-column elementor-element elementor-element-c2d7491\" data-id=\"c2d7491\" data-element_type=\"column\">\n\t\t\t<div class=\"elementor-column-wrap elementor-element-populated\">\n\t\t\t\t\t\t\t<div class=\"elementor-widget-wrap\">\n\t\t\t\t\t\t<div class=\"elementor-element elementor-element-3a1ccbc elementor-widget elementor-widget-image\" data-id=\"3a1ccbc\" data-element_type=\"widget\" data-widget_type=\"image.default\">\n\t\t\t\t<div class=\"elementor-widget-container\">\n\t\t\t\t\t<div class=\"elementor-image\">\n\t\t\t\t\t\t\t\t\t\t\t<a href=\"https:\/\/wb-repro.de\">\n\t\t\t\t\t\t\t<img width=\"525\" height=\"159\" src=\"https:\/\/wb-repro.de\/wp-content\/uploads\/2019\/11\/WB-LOGO_NEU_DieExpertenInBildbearbeitung.jpg\" class=\"attachment-medium_large size-medium_large\" alt=\"\" loading=\"lazy\" srcset=\"https:\/\/wb-repro.de\/wp-content\/uploads\/2019\/11\/WB-LOGO_NEU_DieExpertenInBildbearbeitung.jpg 588w, https:\/\/wb-repro.de\/wp-content\/uploads\/2019\/11\/WB-LOGO_NEU_DieExpertenInBildbearbeitung-300x91.jpg 300w\" sizes=\"100vw\" \/>\t\t\t\t\t\t\t\t<\/a>\n\t\t\t\t\t\t\t\t\t\t\t<\/div>\n\t\t\t\t<\/div>\n\t\t\t\t<\/div>\n\t\t\t\t\t\t<\/div>\n\t\t\t\t\t<\/div>\n\t\t<\/div>\n\t\t\t\t\t\t\t\t<\/div>\n\t\t\t\t\t<\/div>\n\t\t<\/section>\n\t\t\t\t<section class=\"elementor-section elementor-top-section elementor-element elementor-element-f6ba924 elementor-section-content-top elementor-section-boxed elementor-section-height-default elementor-section-height-default\" data-id=\"f6ba924\" data-element_type=\"section\" data-settings=\"{&quot;background_background&quot;:&quot;classic&quot;,&quot;shape_divider_bottom&quot;:&quot;triangle-asymmetrical&quot;,&quot;shape_divider_bottom_negative&quot;:&quot;yes&quot;}\">\n\t\t\t\t\t<div class=\"elementor-shape elementor-shape-bottom\" data-negative=\"true\">\n\t\t\t<svg xmlns=\"http:\/\/www.w3.org\/2000\/svg\" viewBox=\"0 0 1000 100\" preserveAspectRatio=\"none\">\n\t<path class=\"elementor-shape-fill\" d=\"M737.9,94.7L0,0v100h1000V0L737.9,94.7z\"\/>\n<\/svg>\t\t<\/div>\n\t\t\t\t\t<div class=\"elementor-container elementor-column-gap-wider\">\n\t\t\t\t\t\t\t<div class=\"elementor-row\">\n\t\t\t\t\t<div class=\"elementor-column elementor-col-100 elementor-top-column elementor-element elementor-element-9b6f27b\" data-id=\"9b6f27b\" data-element_type=\"column\" data-settings=\"{&quot;background_background&quot;:&quot;classic&quot;}\">\n\t\t\t<div class=\"elementor-column-wrap elementor-element-populated\">\n\t\t\t\t\t\t\t<div class=\"elementor-widget-wrap\">\n\t\t\t\t\t\t<div class=\"elementor-element elementor-element-a95e618 elementor-widget elementor-widget-spacer\" data-id=\"a95e618\" data-element_type=\"widget\" data-widget_type=\"spacer.default\">\n\t\t\t\t<div class=\"elementor-widget-container\">\n\t\t\t\t\t<div class=\"elementor-spacer\">\n\t\t\t<div class=\"elementor-spacer-inner\"><\/div>\n\t\t<\/div>\n\t\t\t\t<\/div>\n\t\t\t\t<\/div>\n\t\t\t\t\t\t<\/div>\n\t\t\t\t\t<\/div>\n\t\t<\/div>\n\t\t\t\t\t\t\t\t<\/div>\n\t\t\t\t\t<\/div>\n\t\t<\/section>\n\t\t\t\t<section class=\"elementor-section elementor-top-section elementor-element elementor-element-c0f2f52 elementor-section-boxed elementor-section-height-default elementor-section-height-default\" data-id=\"c0f2f52\" data-element_type=\"section\" data-settings=\"{&quot;background_background&quot;:&quot;classic&quot;}\">\n\t\t\t\t\t\t<div class=\"elementor-container elementor-column-gap-default\">\n\t\t\t\t\t\t\t<div class=\"elementor-row\">\n\t\t\t\t\t<div class=\"elementor-column elementor-col-100 elementor-top-column elementor-element elementor-element-dff8738\" data-id=\"dff8738\" data-element_type=\"column\">\n\t\t\t<div class=\"elementor-column-wrap elementor-element-populated\">\n\t\t\t\t\t\t\t<div class=\"elementor-widget-wrap\">\n\t\t\t\t\t\t<div class=\"elementor-element elementor-element-fd182d6 elementor-widget elementor-widget-spacer\" data-id=\"fd182d6\" data-element_type=\"widget\" data-widget_type=\"spacer.default\">\n\t\t\t\t<div class=\"elementor-widget-container\">\n\t\t\t\t\t<div class=\"elementor-spacer\">\n\t\t\t<div class=\"elementor-spacer-inner\"><\/div>\n\t\t<\/div>\n\t\t\t\t<\/div>\n\t\t\t\t<\/div>\n\t\t\t\t<div class=\"elementor-element elementor-element-1898aa7 elementor-align-right elementor-widget elementor-widget-button\" data-id=\"1898aa7\" data-element_type=\"widget\" data-widget_type=\"button.default\">\n\t\t\t\t<div class=\"elementor-widget-container\">\n\t\t\t\t\t<div class=\"elementor-button-wrapper\">\n\t\t\t<a href=\"http:\/\/wb-repro.de\" class=\"elementor-button-link elementor-button elementor-size-sm elementor-animation-grow\" role=\"button\">\n\t\t\t\t\t\t<span class=\"elementor-button-content-wrapper\">\n\t\t\t\t\t\t<span class=\"elementor-button-text\">Zur\u00fcck zur Startseite<\/span>\n\t\t<\/span>\n\t\t\t\t\t<\/a>\n\t\t<\/div>\n\t\t\t\t<\/div>\n\t\t\t\t<\/div>\n\t\t\t\t\t\t<\/div>\n\t\t\t\t\t<\/div>\n\t\t<\/div>\n\t\t\t\t\t\t\t\t<\/div>\n\t\t\t\t\t<\/div>\n\t\t<\/section>\n\t\t\t\t<section class=\"elementor-section elementor-top-section elementor-element elementor-element-ff03ed7 elementor-section-boxed elementor-section-height-default elementor-section-height-default\" data-id=\"ff03ed7\" data-element_type=\"section\" data-settings=\"{&quot;background_background&quot;:&quot;classic&quot;}\">\n\t\t\t\t\t\t<div class=\"elementor-container elementor-column-gap-default\">\n\t\t\t\t\t\t\t<div class=\"elementor-row\">\n\t\t\t\t\t<div class=\"elementor-column elementor-col-50 elementor-top-column elementor-element elementor-element-5bbc6af\" data-id=\"5bbc6af\" data-element_type=\"column\">\n\t\t\t<div class=\"elementor-column-wrap elementor-element-populated\">\n\t\t\t\t\t\t\t<div class=\"elementor-widget-wrap\">\n\t\t\t\t\t\t<div class=\"elementor-element elementor-element-d5bd087 elementor-widget elementor-widget-heading\" data-id=\"d5bd087\" data-element_type=\"widget\" data-widget_type=\"heading.default\">\n\t\t\t\t<div class=\"elementor-widget-container\">\n\t\t\t<h2 class=\"elementor-heading-title elementor-size-default\"><span class=\"elementor-heading-title elementor-size-default elementor-inline-editing pen\" data-elementor-setting-key=\"title\" data-pen-placeholder=\"Eingabe hier...\" style=\"clear: both; color: rgb(255, 255, 255); font-size: 26px; text-transform: uppercase; letter-spacing: 1.7px;\">IMPRESSUM<\/span><\/h2>\t\t<\/div>\n\t\t\t\t<\/div>\n\t\t\t\t\t\t<\/div>\n\t\t\t\t\t<\/div>\n\t\t<\/div>\n\t\t\t\t<div class=\"elementor-column elementor-col-50 elementor-top-column elementor-element elementor-element-dffabb6\" data-id=\"dffabb6\" data-element_type=\"column\" data-settings=\"{&quot;background_background&quot;:&quot;classic&quot;}\">\n\t\t\t<div class=\"elementor-column-wrap\">\n\t\t\t\t\t\t\t<div class=\"elementor-widget-wrap\">\n\t\t\t\t\t\t\t\t<\/div>\n\t\t\t\t\t<\/div>\n\t\t<\/div>\n\t\t\t\t\t\t\t\t<\/div>\n\t\t\t\t\t<\/div>\n\t\t<\/section>\n\t\t\t\t<section class=\"elementor-section elementor-top-section elementor-element elementor-element-2ca8b94 elementor-section-boxed elementor-section-height-default elementor-section-height-default\" data-id=\"2ca8b94\" data-element_type=\"section\" data-settings=\"{&quot;background_background&quot;:&quot;classic&quot;}\">\n\t\t\t\t\t\t<div class=\"elementor-container elementor-column-gap-default\">\n\t\t\t\t\t\t\t<div class=\"elementor-row\">\n\t\t\t\t\t<div class=\"elementor-column elementor-col-100 elementor-top-column elementor-element elementor-element-ad0610a\" data-id=\"ad0610a\" data-element_type=\"column\">\n\t\t\t<div class=\"elementor-column-wrap elementor-element-populated\">\n\t\t\t\t\t\t\t<div class=\"elementor-widget-wrap\">\n\t\t\t\t\t\t<div class=\"elementor-element elementor-element-d271415 elementor-invisible elementor-widget elementor-widget-text-editor\" data-id=\"d271415\" data-element_type=\"widget\" data-settings=\"{&quot;_animation&quot;:&quot;slideInUp&quot;}\" data-widget_type=\"text-editor.default\">\n\t\t\t\t<div class=\"elementor-widget-container\">\n\t\t\t\t\t<div class=\"elementor-text-editor elementor-clearfix\"><p>Angaben gem\u00e4\u00df \u00a7 5 TMG<\/p><p>\u00a0<\/p><p><strong>WB Repro GmbH<\/strong><\/p><p>N\u00e4hterstra\u00dfe 93<\/p><p>70327 Stuttgart<\/p><p>Handelsregister: HRB 222492<\/p><p>Registergericht: Amtsgericht N\u00fcrtingen<\/p><p>\u00a0<\/p><p><strong>Vertreten durch die Gesch\u00e4ftsfu\u0308hrer:<\/strong><\/p><p>Andreas Hilt<\/p><p>\u00a0<\/p><p><strong>Kontakt<\/strong><\/p><p>Telefon: 07024\/409809-0<\/p><p>E-Mail: info@wb-repro.de<\/p><p>\u00a0<\/p><p><strong>Umsatzsteuer-ID<\/strong><\/p><p>Umsatzsteuer-Identifikationsnummer<\/p><p>gem\u00e4\u00df \u00a727 a Umsatzsteuergesetz:<\/p><p>DE 147 837 307<\/p><p>\u00a0<\/p><p>Wir sind nicht bereit oder verpflichtet,<\/p><p>an Streitbeilegungsverfahren vor einer<\/p><p>Verbraucherschlichtungsstelle teilzunehmen.<\/p><p>\u00a0<\/p><\/div>\n\t\t\t\t<\/div>\n\t\t\t\t<\/div>\n\t\t\t\t\t\t<\/div>\n\t\t\t\t\t<\/div>\n\t\t<\/div>\n\t\t\t\t\t\t\t\t<\/div>\n\t\t\t\t\t<\/div>\n\t\t<\/section>\n\t\t\t\t\t\t<\/div>\n\t\t\t\t\t\t<\/div>\n\t\t\t\t\t<\/div>\n\t\t","protected":false},"excerpt":{"rendered":"<p>Zur\u00fcck zur Startseite IMPRESSUM Angaben gem\u00e4\u00df \u00a7 5 TMG \u00a0 WB Repro GmbH N\u00e4hterstra\u00dfe 93 70327 Stuttgart Handelsregister: HRB 222492 Registergericht: Amtsgericht N\u00fcrtingen \u00a0 Vertreten durch die Gesch\u00e4ftsfu\u0308hrer: Andreas Hilt \u00a0 Kontakt Telefon: 07024\/409809-0 E-Mail: info@wb-repro.de \u00a0 Umsatzsteuer-ID Umsatzsteuer-Identifikationsnummer gem\u00e4\u00df \u00a727 a Umsatzsteuergesetz: DE 147 837 307 \u00a0 Wir sind nicht bereit oder verpflichtet, an &hellip; <\/p>\n<p class=\"link-more\"><a href=\"https:\/\/wb-repro.de\/?page_id=125\" class=\"more-link\"><span class=\"screen-reader-text\">\u201eImpressum\u201c<\/span> weiterlesen<\/a><\/p>\n","protected":false},"author":1,"featured_media":0,"parent":0,"menu_order":0,"comment_status":"closed","ping_status":"closed","template":"elementor_canvas","meta":{"_monsterinsights_skip_tracking":false,"_monsterinsights_sitenote_active":false,"_monsterinsights_sitenote_note":"","_monsterinsights_sitenote_category":0},"yoast_head":"<!-- This site is optimized with the Yoast SEO plugin v15.7 - https:\/\/yoast.com\/wordpress\/plugins\/seo\/ -->\n<title>Impressum - WB Repro GmbH<\/title>\n<meta name=\"robots\" content=\"index, follow, max-snippet:-1, max-image-preview:large, max-video-preview:-1\" \/>\n<link rel=\"canonical\" href=\"https:\/\/wb-repro.de\/?page_id=125\" \/>\n<meta property=\"og:locale\" content=\"de_DE\" \/>\n<meta property=\"og:type\" content=\"article\" \/>\n<meta property=\"og:title\" content=\"Impressum - WB Repro GmbH\" \/>\n<meta property=\"og:description\" content=\"Zur\u00fcck zur Startseite IMPRESSUM Angaben gem\u00e4\u00df \u00a7 5 TMG \u00a0 WB Repro GmbH N\u00e4hterstra\u00dfe 93 70327 Stuttgart Handelsregister: HRB 222492 Registergericht: Amtsgericht N\u00fcrtingen \u00a0 Vertreten durch die Gesch\u00e4ftsfu\u0308hrer: Andreas Hilt \u00a0 Kontakt Telefon: 07024\/409809-0 E-Mail: info@wb-repro.de \u00a0 Umsatzsteuer-ID Umsatzsteuer-Identifikationsnummer gem\u00e4\u00df \u00a727 a Umsatzsteuergesetz: DE 147 837 307 \u00a0 Wir sind nicht bereit oder verpflichtet, an &hellip; \u201eImpressum\u201c weiterlesen\" \/>\n<meta property=\"og:url\" content=\"https:\/\/wb-repro.de\/?page_id=125\" \/>\n<meta property=\"og:site_name\" content=\"WB Repro GmbH\" \/>\n<meta property=\"article:modified_time\" content=\"2021-07-25T14:18:23+00:00\" \/>\n<meta property=\"og:image\" content=\"https:\/\/wb-repro.de\/wp-content\/uploads\/2019\/11\/WB-LOGO_NEU_DieExpertenInBildbearbeitung.jpg\" \/>\n<meta name=\"twitter:card\" content=\"summary_large_image\" \/>\n<meta name=\"twitter:label1\" content=\"Gesch\u00e4tzte Lesezeit\">\n\t<meta name=\"twitter:data1\" content=\"1\u00a0Minute\">\n<script type=\"application\/ld+json\" class=\"yoast-schema-graph\">{\"@context\":\"https:\/\/schema.org\",\"@graph\":[{\"@type\":\"WebSite\",\"@id\":\"https:\/\/wb-repro.de\/#website\",\"url\":\"https:\/\/wb-repro.de\/\",\"name\":\"WB Repro GmbH\",\"description\":\"Die Experten in Bildbearbeitung\",\"potentialAction\":[{\"@type\":\"SearchAction\",\"target\":\"https:\/\/wb-repro.de\/?s={search_term_string}\",\"query-input\":\"required name=search_term_string\"}],\"inLanguage\":\"de\"},{\"@type\":\"ImageObject\",\"@id\":\"https:\/\/wb-repro.de\/?page_id=125#primaryimage\",\"inLanguage\":\"de\",\"url\":\"https:\/\/wb-repro.de\/wp-content\/uploads\/2019\/11\/WB-LOGO_NEU_DieExpertenInBildbearbeitung.jpg\",\"width\":588,\"height\":178},{\"@type\":\"WebPage\",\"@id\":\"https:\/\/wb-repro.de\/?page_id=125#webpage\",\"url\":\"https:\/\/wb-repro.de\/?page_id=125\",\"name\":\"Impressum - WB Repro GmbH\",\"isPartOf\":{\"@id\":\"https:\/\/wb-repro.de\/#website\"},\"primaryImageOfPage\":{\"@id\":\"https:\/\/wb-repro.de\/?page_id=125#primaryimage\"},\"datePublished\":\"2019-02-10T11:13:00+00:00\",\"dateModified\":\"2021-07-25T14:18:23+00:00\",\"inLanguage\":\"de\",\"potentialAction\":[{\"@type\":\"ReadAction\",\"target\":[\"https:\/\/wb-repro.de\/?page_id=125\"]}]}]}<\/script>\n<!-- \/ Yoast SEO plugin. -->","amp_validity":null,"amp_enabled":true,"_links":{"self":[{"href":"https:\/\/wb-repro.de\/index.php?rest_route=\/wp\/v2\/pages\/125"}],"collection":[{"href":"https:\/\/wb-repro.de\/index.php?rest_route=\/wp\/v2\/pages"}],"about":[{"href":"https:\/\/wb-repro.de\/index.php?rest_route=\/wp\/v2\/types\/page"}],"author":[{"embeddable":true,"href":"https:\/\/wb-repro.de\/index.php?rest_route=\/wp\/v2\/users\/1"}],"replies":[{"embeddable":true,"href":"https:\/\/wb-repro.de\/index.php?rest_route=%2Fwp%2Fv2%2Fcomments&post=125"}],"version-history":[{"count":43,"href":"https:\/\/wb-repro.de\/index.php?rest_route=\/wp\/v2\/pages\/125\/revisions"}],"predecessor-version":[{"id":989,"href":"https:\/\/wb-repro.de\/index.php?rest_route=\/wp\/v2\/pages\/125\/revisions\/989"}],"wp:attachment":[{"href":"https:\/\/wb-repro.de\/index.php?rest_route=%2Fwp%2Fv2%2Fmedia&parent=125"}],"curies":[{"name":"wp","href":"https:\/\/api.w.org\/{rel}","templated":true}]}}